{"id":25,"date":"2023-01-12T09:06:39","date_gmt":"2023-01-12T09:06:39","guid":{"rendered":"http:\/\/imft.ftn.uns.ac.rs\/ssip2017\/?page_id=25"},"modified":"2023-06-24T07:27:58","modified_gmt":"2023-06-24T07:27:58","slug":"committee","status":"publish","type":"page","link":"http:\/\/imft.ftn.uns.ac.rs\/ssip2023\/committee\/","title":{"rendered":"COMMITTEE"},"content":{"rendered":"\t\t<div data-elementor-type=\"wp-page\" data-elementor-id=\"25\" class=\"elementor elementor-25\">\n\t\t\t\t\t\t\t\t\t<section class=\"elementor-section elementor-top-section elementor-element elementor-element-1e53dc9b elementor-section-boxed elementor-section-height-default elementor-section-height-default\" data-id=\"1e53dc9b\" data-element_type=\"section\">\n\t\t\t\t\t\t<div class=\"elementor-container elementor-column-gap-default\">\n\t\t\t\t\t<div class=\"elementor-column elementor-col-50 elementor-top-column elementor-element elementor-element-52fafb59\" data-id=\"52fafb59\" data-element_type=\"column\">\n\t\t\t<div class=\"elementor-widget-wrap elementor-element-populated\">\n\t\t\t\t\t\t\t\t<div class=\"elementor-element elementor-element-85a6328 elementor-widget elementor-widget-heading\" data-id=\"85a6328\" data-element_type=\"widget\" data-widget_type=\"heading.default\">\n\t\t\t\t<div class=\"elementor-widget-container\">\n\t\t\t<style>\/*! elementor - v3.10.0 - 09-01-2023 *\/\n.elementor-heading-title{padding:0;margin:0;line-height:1}.elementor-widget-heading .elementor-heading-title[class*=elementor-size-]>a{color:inherit;font-size:inherit;line-height:inherit}.elementor-widget-heading .elementor-heading-title.elementor-size-small{font-size:15px}.elementor-widget-heading .elementor-heading-title.elementor-size-medium{font-size:19px}.elementor-widget-heading .elementor-heading-title.elementor-size-large{font-size:29px}.elementor-widget-heading .elementor-heading-title.elementor-size-xl{font-size:39px}.elementor-widget-heading .elementor-heading-title.elementor-size-xxl{font-size:59px}<\/style><h2 class=\"elementor-heading-title elementor-size-default\"><a href=\"http:\/\/imft.ftn.uns.ac.rs\/ssip2023\">SSIP 2023<\/a><\/h2>\t\t<\/div>\n\t\t\t\t<\/div>\n\t\t\t\t\t<\/div>\n\t\t<\/div>\n\t\t\t\t<div class=\"elementor-column elementor-col-50 elementor-top-column elementor-element elementor-element-a72e808\" data-id=\"a72e808\" data-element_type=\"column\">\n\t\t\t<div class=\"elementor-widget-wrap elementor-element-populated\">\n\t\t\t\t\t\t\t\t<div class=\"elementor-element elementor-element-7036ffda elementor-widget elementor-widget-ekit-nav-menu\" data-id=\"7036ffda\" data-element_type=\"widget\" data-widget_type=\"ekit-nav-menu.default\">\n\t\t\t\t<div class=\"elementor-widget-container\">\n\t\t\t<div class=\"ekit-wid-con ekit_menu_responsive_tablet\" data-hamburger-icon=\"\" data-hamburger-icon-type=\"icon\" data-responsive-breakpoint=\"1024\">            <button class=\"elementskit-menu-hamburger elementskit-menu-toggler\">\n                                    <span class=\"elementskit-menu-hamburger-icon\"><\/span><span class=\"elementskit-menu-hamburger-icon\"><\/span><span class=\"elementskit-menu-hamburger-icon\"><\/span>\n                            <\/button>\n            <div id=\"ekit-megamenu-manin\" class=\"elementskit-menu-container elementskit-menu-offcanvas-elements elementskit-navbar-nav-default elementskit_line_arrow ekit-nav-menu-one-page-no ekit-nav-dropdown-hover\"><ul id=\"menu-manin\" class=\"elementskit-navbar-nav elementskit-menu-po-left submenu-click-on-icon\"><li id=\"menu-item-9\" class=\"menu-item menu-item-type-post_type menu-item-object-page menu-item-home menu-item-9 nav-item elementskit-mobile-builder-content\" data-vertical-menu=750px><a href=\"http:\/\/imft.ftn.uns.ac.rs\/ssip2023\/\" class=\"ekit-menu-nav-link\">HOME<\/a><\/li>\n<li id=\"menu-item-419\" class=\"menu-item menu-item-type-post_type menu-item-object-page menu-item-419 nav-item elementskit-mobile-builder-content\" data-vertical-menu=750px><a href=\"http:\/\/imft.ftn.uns.ac.rs\/ssip2023\/important-dates\/\" class=\"ekit-menu-nav-link\">IMPORTANT DATES<\/a><\/li>\n<li id=\"menu-item-41\" class=\"menu-item menu-item-type-post_type menu-item-object-page menu-item-41 nav-item elementskit-mobile-builder-content\" data-vertical-menu=750px><a href=\"http:\/\/imft.ftn.uns.ac.rs\/ssip2023\/registration\/\" class=\"ekit-menu-nav-link\">REGISTRATION<\/a><\/li>\n<li id=\"menu-item-43\" class=\"menu-item menu-item-type-post_type menu-item-object-page menu-item-43 nav-item elementskit-mobile-builder-content\" data-vertical-menu=750px><a href=\"http:\/\/imft.ftn.uns.ac.rs\/ssip2023\/program\/\" class=\"ekit-menu-nav-link\">PROGRAM<\/a><\/li>\n<li id=\"menu-item-40\" class=\"menu-item menu-item-type-post_type menu-item-object-page menu-item-40 nav-item elementskit-mobile-builder-content\" data-vertical-menu=750px><a href=\"http:\/\/imft.ftn.uns.ac.rs\/ssip2023\/lecturers\/\" class=\"ekit-menu-nav-link\">LECTURERS<\/a><\/li>\n<li id=\"menu-item-39\" class=\"menu-item menu-item-type-post_type menu-item-object-page menu-item-39 nav-item elementskit-mobile-builder-content\" data-vertical-menu=750px><a href=\"http:\/\/imft.ftn.uns.ac.rs\/ssip2023\/venue\/\" class=\"ekit-menu-nav-link\">VENUE<\/a><\/li>\n<li id=\"menu-item-38\" class=\"menu-item menu-item-type-post_type menu-item-object-page menu-item-38 nav-item elementskit-mobile-builder-content\" data-vertical-menu=750px><a href=\"http:\/\/imft.ftn.uns.ac.rs\/ssip2023\/history\/\" class=\"ekit-menu-nav-link\">HISTORY<\/a><\/li>\n<li id=\"menu-item-37\" class=\"menu-item menu-item-type-post_type menu-item-object-page menu-item-37 nav-item elementskit-mobile-builder-content\" data-vertical-menu=750px><a href=\"http:\/\/imft.ftn.uns.ac.rs\/ssip2023\/committee\/\" class=\"ekit-menu-nav-link\">COMMITTEE<\/a><\/li>\n<li id=\"menu-item-36\" class=\"menu-item menu-item-type-post_type menu-item-object-page menu-item-36 nav-item elementskit-mobile-builder-content\" data-vertical-menu=750px><a href=\"http:\/\/imft.ftn.uns.ac.rs\/ssip2023\/photos\/\" class=\"ekit-menu-nav-link\">PHOTOS<\/a><\/li>\n<li id=\"menu-item-35\" class=\"menu-item menu-item-type-post_type menu-item-object-page menu-item-35 nav-item elementskit-mobile-builder-content\" data-vertical-menu=750px><a href=\"http:\/\/imft.ftn.uns.ac.rs\/ssip2023\/projects\/\" class=\"ekit-menu-nav-link\">PROJECTS<\/a><\/li>\n<\/ul>\n\t\t\t\t<div class=\"elementskit-nav-identity-panel\">\n\t\t\t\t\t<div class=\"elementskit-site-title\">\n\t\t\t\t\t\t<a class=\"elementskit-nav-logo\" href=\"http:\/\/imft.ftn.uns.ac.rs\/ssip2023\" target=\"_self\" rel=\"\">\n                            <img decoding=\"async\" src=\"\" title=\"\" alt=\"\" \/>\n\t\t\t\t\t\t<\/a> \n\t\t\t\t\t<\/div>\n\t\t\t\t\t<button class=\"elementskit-menu-close elementskit-menu-toggler\" type=\"button\">X<\/button>\n\t\t\t\t<\/div>\n\t\t\t<\/div><div class=\"elementskit-menu-overlay elementskit-menu-offcanvas-elements elementskit-menu-toggler ekit-nav-menu--overlay\"><\/div><\/div>\t\t<\/div>\n\t\t\t\t<\/div>\n\t\t\t\t\t<\/div>\n\t\t<\/div>\n\t\t\t\t\t\t\t<\/div>\n\t\t<\/section>\n\t\t\t\t<section class=\"elementor-section elementor-top-section elementor-element elementor-element-355ae9cc elementor-section-boxed elementor-section-height-default elementor-section-height-default\" data-id=\"355ae9cc\" data-element_type=\"section\" data-settings=\"{&quot;background_background&quot;:&quot;classic&quot;}\">\n\t\t\t\t\t\t<div class=\"elementor-container elementor-column-gap-default\">\n\t\t\t\t\t<div class=\"elementor-column elementor-col-100 elementor-top-column elementor-element elementor-element-77be9635\" data-id=\"77be9635\" data-element_type=\"column\">\n\t\t\t<div class=\"elementor-widget-wrap elementor-element-populated\">\n\t\t\t\t\t\t\t\t<div class=\"elementor-element elementor-element-2a7487b1 elementor-widget elementor-widget-spacer\" data-id=\"2a7487b1\" data-element_type=\"widget\" data-widget_type=\"spacer.default\">\n\t\t\t\t<div class=\"elementor-widget-container\">\n\t\t\t<style>\/*! elementor - v3.10.0 - 09-01-2023 *\/\n.elementor-column .elementor-spacer-inner{height:var(--spacer-size)}.e-con{--container-widget-width:100%}.e-con-inner>.elementor-widget-spacer,.e-con>.elementor-widget-spacer{width:var(--container-widget-width,var(--spacer-size));--align-self:var(--container-widget-align-self,initial);--flex-shrink:0}.e-con-inner>.elementor-widget-spacer>.elementor-widget-container,.e-con-inner>.elementor-widget-spacer>.elementor-widget-container>.elementor-spacer,.e-con>.elementor-widget-spacer>.elementor-widget-container,.e-con>.elementor-widget-spacer>.elementor-widget-container>.elementor-spacer{height:100%}.e-con-inner>.elementor-widget-spacer>.elementor-widget-container>.elementor-spacer>.elementor-spacer-inner,.e-con>.elementor-widget-spacer>.elementor-widget-container>.elementor-spacer>.elementor-spacer-inner{height:var(--container-widget-height,var(--spacer-size))}<\/style>\t\t<div class=\"elementor-spacer\">\n\t\t\t<div class=\"elementor-spacer-inner\"><\/div>\n\t\t<\/div>\n\t\t\t\t<\/div>\n\t\t\t\t<\/div>\n\t\t\t\t<div class=\"elementor-element elementor-element-586ce29b elementor-widget elementor-widget-text-editor\" data-id=\"586ce29b\" data-element_type=\"widget\" data-widget_type=\"text-editor.default\">\n\t\t\t\t<div class=\"elementor-widget-container\">\n\t\t\t<style>\/*! elementor - v3.10.0 - 09-01-2023 *\/\n.elementor-widget-text-editor.elementor-drop-cap-view-stacked .elementor-drop-cap{background-color:#818a91;color:#fff}.elementor-widget-text-editor.elementor-drop-cap-view-framed .elementor-drop-cap{color:#818a91;border:3px solid;background-color:transparent}.elementor-widget-text-editor:not(.elementor-drop-cap-view-default) .elementor-drop-cap{margin-top:8px}.elementor-widget-text-editor:not(.elementor-drop-cap-view-default) .elementor-drop-cap-letter{width:1em;height:1em}.elementor-widget-text-editor .elementor-drop-cap{float:left;text-align:center;line-height:1;font-size:50px}.elementor-widget-text-editor .elementor-drop-cap-letter{display:inline-block}<\/style>\t\t\t\t<h3 class=\"ht-main-title\">COMMITTEE<\/h3>\t\t\t\t\t\t<\/div>\n\t\t\t\t<\/div>\n\t\t\t\t<div class=\"elementor-element elementor-element-56792feb elementor-widget elementor-widget-text-editor\" data-id=\"56792feb\" data-element_type=\"widget\" data-widget_type=\"text-editor.default\">\n\t\t\t\t<div class=\"elementor-widget-container\">\n\t\t\t\t\t\t\t<p><a href=\"http:\/\/imft.ftn.uns.ac.rs\/ssip2017\/\">Home\u00a0<\/a>\/\u00a0Committee<\/p>\t\t\t\t\t\t<\/div>\n\t\t\t\t<\/div>\n\t\t\t\t<div class=\"elementor-element elementor-element-6cf22e80 elementor-widget elementor-widget-spacer\" data-id=\"6cf22e80\" data-element_type=\"widget\" data-widget_type=\"spacer.default\">\n\t\t\t\t<div class=\"elementor-widget-container\">\n\t\t\t\t\t<div class=\"elementor-spacer\">\n\t\t\t<div class=\"elementor-spacer-inner\"><\/div>\n\t\t<\/div>\n\t\t\t\t<\/div>\n\t\t\t\t<\/div>\n\t\t\t\t\t<\/div>\n\t\t<\/div>\n\t\t\t\t\t\t\t<\/div>\n\t\t<\/section>\n\t\t\t\t<section class=\"elementor-section elementor-top-section elementor-element elementor-element-39542ec elementor-section-boxed elementor-section-height-default elementor-section-height-default\" data-id=\"39542ec\" data-element_type=\"section\">\n\t\t\t\t\t\t<div class=\"elementor-container elementor-column-gap-default\">\n\t\t\t\t\t<div class=\"elementor-column elementor-col-100 elementor-top-column elementor-element elementor-element-281f648\" data-id=\"281f648\" data-element_type=\"column\">\n\t\t\t<div class=\"elementor-widget-wrap elementor-element-populated\">\n\t\t\t\t\t\t\t\t<div class=\"elementor-element elementor-element-08336c8 elementor-widget elementor-widget-heading\" data-id=\"08336c8\" data-element_type=\"widget\" data-widget_type=\"heading.default\">\n\t\t\t\t<div class=\"elementor-widget-container\">\n\t\t\t<h2 class=\"elementor-heading-title elementor-size-default\"><h5 style=\"font-family: Roboto, sans-serif; color: rgb(122, 122, 122); white-space-collapse: collapse;\"><span style=\"font-weight: 700;\">School Directors:<\/span><\/h5><\/h2>\t\t<\/div>\n\t\t\t\t<\/div>\n\t\t\t\t\t<\/div>\n\t\t<\/div>\n\t\t\t\t\t\t\t<\/div>\n\t\t<\/section>\n\t\t\t\t<section class=\"elementor-section elementor-top-section elementor-element elementor-element-20f61a2 elementor-section-boxed elementor-section-height-default elementor-section-height-default\" data-id=\"20f61a2\" data-element_type=\"section\">\n\t\t\t\t\t\t<div class=\"elementor-container elementor-column-gap-default\">\n\t\t\t\t\t<div class=\"elementor-column elementor-col-50 elementor-top-column elementor-element elementor-element-bb94ad2\" data-id=\"bb94ad2\" data-element_type=\"column\">\n\t\t\t<div class=\"elementor-widget-wrap elementor-element-populated\">\n\t\t\t\t\t\t\t\t<div class=\"elementor-element elementor-element-d8de07f elementor-widget elementor-widget-image\" data-id=\"d8de07f\" data-element_type=\"widget\" data-widget_type=\"image.default\">\n\t\t\t\t<div class=\"elementor-widget-container\">\n\t\t\t<style>\/*! elementor - v3.10.0 - 09-01-2023 *\/\n.elementor-widget-image{text-align:center}.elementor-widget-image a{display:inline-block}.elementor-widget-image a img[src$=\".svg\"]{width:48px}.elementor-widget-image img{vertical-align:middle;display:inline-block}<\/style>\t\t\t\t\t\t\t\t\t<figure class=\"wp-caption\">\n\t\t\t\t\t\t\t\t\t\t\t<a href=\"http:\/\/imft.ftn.uns.ac.rs\/tibor\/Main\">\n\t\t\t\t\t\t\t<img loading=\"lazy\" decoding=\"async\" width=\"300\" height=\"300\" src=\"http:\/\/imft.ftn.uns.ac.rs\/ssip2023\/wp-content\/uploads\/2023\/06\/tibor_lukic-300x300.png\" class=\"attachment-medium size-medium wp-image-825\" alt=\"\" srcset=\"http:\/\/imft.ftn.uns.ac.rs\/ssip2023\/wp-content\/uploads\/2023\/06\/tibor_lukic-300x300.png 300w, http:\/\/imft.ftn.uns.ac.rs\/ssip2023\/wp-content\/uploads\/2023\/06\/tibor_lukic-150x150.png 150w, http:\/\/imft.ftn.uns.ac.rs\/ssip2023\/wp-content\/uploads\/2023\/06\/tibor_lukic-768x768.png 768w, http:\/\/imft.ftn.uns.ac.rs\/ssip2023\/wp-content\/uploads\/2023\/06\/tibor_lukic.png 911w\" sizes=\"auto, (max-width: 300px) 100vw, 300px\" \/>\t\t\t\t\t\t\t\t<\/a>\n\t\t\t\t\t\t\t\t\t\t\t<figcaption class=\"widget-image-caption wp-caption-text\"><\/figcaption>\n\t\t\t\t\t\t\t\t\t\t<\/figure>\n\t\t\t\t\t\t\t\t\t<\/div>\n\t\t\t\t<\/div>\n\t\t\t\t<div class=\"elementor-element elementor-element-0491096 elementor-widget elementor-widget-text-editor\" data-id=\"0491096\" data-element_type=\"widget\" data-widget_type=\"text-editor.default\">\n\t\t\t\t<div class=\"elementor-widget-container\">\n\t\t\t\t\t\t\t<p><a style=\"background-color: #ffffff;\" href=\"http:\/\/imft.ftn.uns.ac.rs\/tibor\/Main\"><span style=\"font-weight: bold;\">Tibor Luki\u0107<\/span><\/a>,\u00a0<\/p><p><span style=\"color: var( --e-global-color-text ); font-family: var( --e-global-typography-text-font-family ), Sans-serif; font-weight: var( --e-global-typography-text-font-weight ); font-size: 1rem;\">Faculty of Technical Sciences, University of Novi Sad<\/span><\/p>\t\t\t\t\t\t<\/div>\n\t\t\t\t<\/div>\n\t\t\t\t\t<\/div>\n\t\t<\/div>\n\t\t\t\t<div class=\"elementor-column elementor-col-50 elementor-top-column elementor-element elementor-element-61a9d6a\" data-id=\"61a9d6a\" data-element_type=\"column\">\n\t\t\t<div class=\"elementor-widget-wrap elementor-element-populated\">\n\t\t\t\t\t\t\t\t<div class=\"elementor-element elementor-element-c8d1a1f elementor-widget elementor-widget-image\" data-id=\"c8d1a1f\" data-element_type=\"widget\" data-widget_type=\"image.default\">\n\t\t\t\t<div class=\"elementor-widget-container\">\n\t\t\t\t\t\t\t\t\t\t\t\t\t\t\t\t<a href=\"http:\/\/imft.ftn.uns.ac.rs\/buda\/Main\">\n\t\t\t\t\t\t\t<img loading=\"lazy\" decoding=\"async\" width=\"300\" height=\"300\" src=\"http:\/\/imft.ftn.uns.ac.rs\/ssip2023\/wp-content\/uploads\/2023\/06\/buda_bajic_papuga-300x300.png\" class=\"attachment-medium size-medium wp-image-836\" alt=\"\" srcset=\"http:\/\/imft.ftn.uns.ac.rs\/ssip2023\/wp-content\/uploads\/2023\/06\/buda_bajic_papuga-300x300.png 300w, http:\/\/imft.ftn.uns.ac.rs\/ssip2023\/wp-content\/uploads\/2023\/06\/buda_bajic_papuga-150x150.png 150w, http:\/\/imft.ftn.uns.ac.rs\/ssip2023\/wp-content\/uploads\/2023\/06\/buda_bajic_papuga.png 576w\" sizes=\"auto, (max-width: 300px) 100vw, 300px\" \/>\t\t\t\t\t\t\t\t<\/a>\n\t\t\t\t\t\t\t\t\t\t\t\t\t\t\t<\/div>\n\t\t\t\t<\/div>\n\t\t\t\t<div class=\"elementor-element elementor-element-ef8ad98 elementor-widget elementor-widget-text-editor\" data-id=\"ef8ad98\" data-element_type=\"widget\" data-widget_type=\"text-editor.default\">\n\t\t\t\t<div class=\"elementor-widget-container\">\n\t\t\t\t\t\t\t<p><a style=\"background-color: #ffffff;\" href=\"http:\/\/imft.ftn.uns.ac.rs\/buda\/Main\" data-wplink-edit=\"true\"><span style=\"font-weight: bold;\">Buda Baji\u0107<\/span><\/a>,<\/p><p><span style=\"color: var( --e-global-color-text ); font-family: var( --e-global-typography-text-font-family ), Sans-serif; font-size: 1rem; font-weight: var( --e-global-typography-text-font-weight );\">Faculty of Technical Sciences, University of Novi Sad<\/span><\/p>\t\t\t\t\t\t<\/div>\n\t\t\t\t<\/div>\n\t\t\t\t\t<\/div>\n\t\t<\/div>\n\t\t\t\t\t\t\t<\/div>\n\t\t<\/section>\n\t\t\t\t<section class=\"elementor-section elementor-top-section elementor-element elementor-element-4bd3fd0 elementor-section-boxed elementor-section-height-default elementor-section-height-default\" data-id=\"4bd3fd0\" data-element_type=\"section\">\n\t\t\t\t\t\t<div class=\"elementor-container elementor-column-gap-default\">\n\t\t\t\t\t<div class=\"elementor-column elementor-col-33 elementor-top-column elementor-element elementor-element-911c924\" data-id=\"911c924\" data-element_type=\"column\">\n\t\t\t<div class=\"elementor-widget-wrap\">\n\t\t\t\t\t\t\t\t\t<\/div>\n\t\t<\/div>\n\t\t\t\t<div class=\"elementor-column elementor-col-33 elementor-top-column elementor-element elementor-element-5e0178d\" data-id=\"5e0178d\" data-element_type=\"column\">\n\t\t\t<div class=\"elementor-widget-wrap\">\n\t\t\t\t\t\t\t\t\t<\/div>\n\t\t<\/div>\n\t\t\t\t<div class=\"elementor-column elementor-col-33 elementor-top-column elementor-element elementor-element-fc6566b\" data-id=\"fc6566b\" data-element_type=\"column\">\n\t\t\t<div class=\"elementor-widget-wrap\">\n\t\t\t\t\t\t\t\t\t<\/div>\n\t\t<\/div>\n\t\t\t\t\t\t\t<\/div>\n\t\t<\/section>\n\t\t\t\t<section class=\"elementor-section elementor-top-section elementor-element elementor-element-1b401900 elementor-section-boxed elementor-section-height-default elementor-section-height-default\" data-id=\"1b401900\" data-element_type=\"section\">\n\t\t\t\t\t\t<div class=\"elementor-container elementor-column-gap-default\">\n\t\t\t\t\t<div class=\"elementor-column elementor-col-100 elementor-top-column elementor-element elementor-element-33894a9b\" data-id=\"33894a9b\" data-element_type=\"column\">\n\t\t\t<div class=\"elementor-widget-wrap elementor-element-populated\">\n\t\t\t\t\t\t\t\t<div class=\"elementor-element elementor-element-99195ee elementor-widget elementor-widget-spacer\" data-id=\"99195ee\" data-element_type=\"widget\" data-widget_type=\"spacer.default\">\n\t\t\t\t<div class=\"elementor-widget-container\">\n\t\t\t\t\t<div class=\"elementor-spacer\">\n\t\t\t<div class=\"elementor-spacer-inner\"><\/div>\n\t\t<\/div>\n\t\t\t\t<\/div>\n\t\t\t\t<\/div>\n\t\t\t\t<div class=\"elementor-element elementor-element-5bf5a90 elementor-widget elementor-widget-text-editor\" data-id=\"5bf5a90\" data-element_type=\"widget\" data-widget_type=\"text-editor.default\">\n\t\t\t\t<div class=\"elementor-widget-container\">\n\t\t\t\t\t\t\t<h5><strong style=\"color: inherit; font-family: inherit; font-size: 1.25rem;\">Organizing Committee:<\/strong><br><\/h5>\n<p style=\"padding-left: 40px;\"><b>Andrija Blesi\u0107<\/b>, Faculty of Technical Sciences, University of Novi Sad<\/p>\n<p style=\"padding-left: 40px;\"><b>Tamara Palali\u0107<\/b>, Faculty of Technical Sciences, University of Novi Sad<\/p>\n<p style=\"padding-left: 40px;\"><b>Jelena \u0110oki\u0107<\/b>, Faculty of Technical Sciences, University of Novi Sad<\/p>\n<p style=\"padding-left: 40px;\"><b>Katarina Vidojevi\u0107<\/b>,&nbsp;<span style=\"color: var( --e-global-color-text ); font-family: var( --e-global-typography-text-font-family ), Sans-serif; font-weight: var( --e-global-typography-text-font-weight ); font-size: 1rem;\">Faculty of Technical Sciences, University of Novi Sad<\/span><\/p>\n<p style=\"padding-left: 40px;\"><span style=\"color: var( --e-global-color-text ); font-family: var( --e-global-typography-text-font-family ), Sans-serif; font-size: 1rem;\"><b>Nikolina Daki\u0107<\/b><\/span><span style=\"color: var( --e-global-color-text ); font-family: var( --e-global-typography-text-font-family ), Sans-serif; font-weight: var( --e-global-typography-text-font-weight ); font-size: 1rem;\">,&nbsp;<\/span><span style=\"color: var( --e-global-color-text ); font-family: var( --e-global-typography-text-font-family ), Sans-serif; font-weight: var( --e-global-typography-text-font-weight ); font-size: 1rem;\">Faculty of Technical Sciences, University of Novi Sad<\/span><\/p>\n<p style=\"padding-left: 40px;\"><span style=\"color: var( --e-global-color-text ); font-family: var( --e-global-typography-text-font-family ), Sans-serif; font-size: 1rem;\"><b>Nata\u0161a Korpak<\/b><\/span><span style=\"color: var( --e-global-color-text ); font-family: var( --e-global-typography-text-font-family ), Sans-serif; font-weight: var( --e-global-typography-text-font-weight ); font-size: 1rem;\">,&nbsp;<\/span><span style=\"color: var( --e-global-color-text ); font-family: var( --e-global-typography-text-font-family ), Sans-serif; font-weight: var( --e-global-typography-text-font-weight ); font-size: 1rem;\">Faculty of Technical Sciences, University of Novi Sad<\/span><\/p>\t\t\t\t\t\t<\/div>\n\t\t\t\t<\/div>\n\t\t\t\t<div class=\"elementor-element elementor-element-1646ee7 elementor-widget elementor-widget-spacer\" data-id=\"1646ee7\" data-element_type=\"widget\" data-widget_type=\"spacer.default\">\n\t\t\t\t<div class=\"elementor-widget-container\">\n\t\t\t\t\t<div class=\"elementor-spacer\">\n\t\t\t<div class=\"elementor-spacer-inner\"><\/div>\n\t\t<\/div>\n\t\t\t\t<\/div>\n\t\t\t\t<\/div>\n\t\t\t\t\t<\/div>\n\t\t<\/div>\n\t\t\t\t\t\t\t<\/div>\n\t\t<\/section>\n\t\t\t\t<section class=\"elementor-section elementor-top-section elementor-element elementor-element-706a51a9 elementor-section-boxed elementor-section-height-default elementor-section-height-default\" data-id=\"706a51a9\" data-element_type=\"section\" data-settings=\"{&quot;background_background&quot;:&quot;classic&quot;}\">\n\t\t\t\t\t\t<div class=\"elementor-container elementor-column-gap-default\">\n\t\t\t\t\t<div class=\"elementor-column elementor-col-100 elementor-top-column elementor-element elementor-element-6ec0f892\" data-id=\"6ec0f892\" data-element_type=\"column\">\n\t\t\t<div class=\"elementor-widget-wrap elementor-element-populated\">\n\t\t\t\t\t\t\t\t<div class=\"elementor-element elementor-element-2bd4aabe elementor-widget elementor-widget-spacer\" data-id=\"2bd4aabe\" data-element_type=\"widget\" data-widget_type=\"spacer.default\">\n\t\t\t\t<div class=\"elementor-widget-container\">\n\t\t\t\t\t<div class=\"elementor-spacer\">\n\t\t\t<div class=\"elementor-spacer-inner\"><\/div>\n\t\t<\/div>\n\t\t\t\t<\/div>\n\t\t\t\t<\/div>\n\t\t\t\t<div class=\"elementor-element elementor-element-55c5fa49 elementor-widget elementor-widget-text-editor\" data-id=\"55c5fa49\" data-element_type=\"widget\" data-widget_type=\"text-editor.default\">\n\t\t\t\t<div class=\"elementor-widget-container\">\n\t\t\t\t\t\t\t<p><a>Designed and developed by the SSIP 2023 Team<\/a><\/p>\t\t\t\t\t\t<\/div>\n\t\t\t\t<\/div>\n\t\t\t\t<div class=\"elementor-element elementor-element-44a8ef6f elementor-widget elementor-widget-spacer\" data-id=\"44a8ef6f\" data-element_type=\"widget\" data-widget_type=\"spacer.default\">\n\t\t\t\t<div class=\"elementor-widget-container\">\n\t\t\t\t\t<div class=\"elementor-spacer\">\n\t\t\t<div class=\"elementor-spacer-inner\"><\/div>\n\t\t<\/div>\n\t\t\t\t<\/div>\n\t\t\t\t<\/div>\n\t\t\t\t\t<\/div>\n\t\t<\/div>\n\t\t\t\t\t\t\t<\/div>\n\t\t<\/section>\n\t\t\t\t<section class=\"elementor-section elementor-top-section elementor-element elementor-element-78657145 elementor-section-boxed elementor-section-height-default elementor-section-height-default\" data-id=\"78657145\" data-element_type=\"section\">\n\t\t\t\t\t\t<div class=\"elementor-container elementor-column-gap-default\">\n\t\t\t\t\t<div class=\"elementor-column elementor-col-100 elementor-top-column elementor-element elementor-element-6873d4b3\" data-id=\"6873d4b3\" data-element_type=\"column\">\n\t\t\t<div class=\"elementor-widget-wrap\">\n\t\t\t\t\t\t\t\t\t<\/div>\n\t\t<\/div>\n\t\t\t\t\t\t\t<\/div>\n\t\t<\/section>\n\t\t\t\t\t\t\t<\/div>\n\t\t","protected":false},"excerpt":{"rendered":"<p>SSIP 2023 HOME IMPORTANT DATES REGISTRATION PROGRAM LECTURERS VENUE HISTORY COMMITTEE PHOTOS PROJECTS X COMMITTEE Home\u00a0\/\u00a0Committee School Directors: Tibor Luki\u0107,\u00a0 Faculty of Technical Sciences, University of Novi Sad Buda Baji\u0107, Faculty of Technical Sciences, University of Novi Sad Organizing Committee: Andrija Blesi\u0107, Faculty of Technical Sciences, University of Novi Sad Tamara Palali\u0107, Faculty of Technical [&hellip;]<\/p>\n","protected":false},"author":2,"featured_media":0,"parent":0,"menu_order":0,"comment_status":"closed","ping_status":"closed","template":"elementor_canvas","meta":{"footnotes":""},"class_list":["post-25","page","type-page","status-publish","hentry"],"_links":{"self":[{"href":"http:\/\/imft.ftn.uns.ac.rs\/ssip2023\/wp-json\/wp\/v2\/pages\/25","targetHints":{"allow":["GET"]}}],"collection":[{"href":"http:\/\/imft.ftn.uns.ac.rs\/ssip2023\/wp-json\/wp\/v2\/pages"}],"about":[{"href":"http:\/\/imft.ftn.uns.ac.rs\/ssip2023\/wp-json\/wp\/v2\/types\/page"}],"author":[{"embeddable":true,"href":"http:\/\/imft.ftn.uns.ac.rs\/ssip2023\/wp-json\/wp\/v2\/users\/2"}],"replies":[{"embeddable":true,"href":"http:\/\/imft.ftn.uns.ac.rs\/ssip2023\/wp-json\/wp\/v2\/comments?post=25"}],"version-history":[{"count":49,"href":"http:\/\/imft.ftn.uns.ac.rs\/ssip2023\/wp-json\/wp\/v2\/pages\/25\/revisions"}],"predecessor-version":[{"id":846,"href":"http:\/\/imft.ftn.uns.ac.rs\/ssip2023\/wp-json\/wp\/v2\/pages\/25\/revisions\/846"}],"wp:attachment":[{"href":"http:\/\/imft.ftn.uns.ac.rs\/ssip2023\/wp-json\/wp\/v2\/media?parent=25"}],"curies":[{"name":"wp","href":"https:\/\/api.w.org\/{rel}","templated":true}]}}